 = 6*c + 6. Let j(o) = 5*m(o) - 4*z(o). Suppose 5*u + 10 - 40 = 5*s, 0 = -4*s + 5*u - 29. Let g be (4 - 2)/(s/(-2)). Calculate j(g).
5
Let z(i) = i**3 + 4*i**2 + i + 3. Suppose 0 = -2*l - 3 - 7. Let a be 4/(l + 3) + -1. Calculate z(a).
9
Suppose 2*k = -9 - 3. Let l(w) = 2*w + 14. Let o(c) = 2*c + 13. Let a(x) = -5*l(x) + 6*o(x). What is a(k)?
-4
Let b(f) be the second derivative of -5*f**3/2 - 3*f**2/2 + 3*f. Let p(s) = 10*s + 2. Let v(h) = -5*b(h) - 7*p(h). Determine v(1).
6
Suppose 0 = -3*s - 5*i + 15, -3*i = -4*s - 0*i + 20. Let n(b) = b + 1. Let u(p) = p**2 - 8*p - 5. Let a(d) = 3*n(d) + u(d). Calculate a(s).
-2
Let d(t) be the first derivative of -t**2/2 + 5*t - 1. Let y(f) = 5*f - 10. Let m(z) = -14*z + 30. Let v(s) = 6*m(s) + 17*y(s). Let g be v(-7). What is d(g)?
2
Let v(z) = -z**2 + 7*z + 1. Let m be (-1)/(4/2)*-10. Give v(m).
11
Let x(h) = h**3 - h**2 + 5*h - 1. Let t(k) = -k**3 + k. Suppose 2*p = 4*l, -4*l = -0*p + 5*p - 42. Let g(i) = p*t(i) - x(i). Suppose 5 = 2*a - 7*a. Give g(a).
8
Suppose 0 = -3*k + k - z - 3, 5*z = 25. Let d(o) = -o**2 - 2*o + 3. Determine d(k).
-5
Let h be (-8 - -3)*12/10. Let u(z) = -z**3 - 5*z**2 + 9*z + 9. Calculate u(h).
-9
Suppose 0 = -5*p + j - 1, -j - 2 = -3*p - 3*j. Let r(z) = 5*z**3 - z - 3*z**3 + z**2 + 8 - 3*z**3. Give r(p).
8
Let q(a) be the first derivative of -a**2 + 0*a + 1/60*a**5 - 1 + 7/24*a**4 + 5/6*a**3. Let i(x) be the second derivative of q(x). Give i(-4).
-7
Let l(f) be the third derivative of -f**8/6720 - f**7/840 + f**6/180 - f**5/30 - 5*f**4/24 - 2*f**2. Let n(t) be the second derivative of l(t). Calculate n(-4).
-4
Let d(w) = -w. Let m(h) = -1. Let r(f) = -3*d(f) - m(f). Give r(3).
10
Let h(r) = r**2 + 4*r - 1. Let q be h(-3). Let g(x) = -6*x**2 + 25*x + 31. Let z(s) = -s**2 + 5*s + 6. Let d(l) = -2*g(l) + 11*z(l). Give d(q).
0
Let g(p) = 3*p**2 + 2*p + 1. Let l be g(-2). Suppose 5*m = -2*i - l, 2*i = -m + 4 - 1. Let d(j) = -4*j + 3. Determine d(i).
-9
Suppose 12*d - 16*d - 4 = 0. Let h(t) = -3*t**3 + 2*t + 1. Calculate h(d).
2
Let t(a) = a**2 - 3*a - 1. Let m = 18 + -14. Give t(m).
3
Let h(m) = 4*m - 2. Suppose 2*j + 2*i = 8, 4*j + 3*i = i + 12. Give h(j).
6
Let s(g) = -g**2 - 9*g - 3. Let l be s(-9). Let k(z) = -3*z + 4. What is k(l)?
13
Let v(x) = 3*x - 5. Suppose 2*a - 25 = -3*a. Give v(a).
10
Let x(v) be the third derivative of -v**4/24 - 2*v**3/3 + 5*v**2. Determine x(-5).
1
Let m(y) be the third derivative of y**5/15 + y**3/6 + 21*y**2. Let p be (0/(-1) + -2)/2. Determine m(p).
5
Suppose l - 30 = -l - 2*n, 3*l - 4*n = 24. Suppose 0 = -5*g + 2*g - l. Let f(s) = 4*s - 5. Let k(o) = 3*o - 4. Let w(t) = g*f(t) + 5*k(t). Give w(-4).
4
Let w(c) be the second derivative of -c**3/6 + 5*c**2/2 + 4*c. What is w(7)?
-2
Let o(s) = -s**2 + 3*s + 2. Let d be o(4). Let c(y) be the second derivative of 1/6*y**3 + y**2 + 2*y + 0. What is c(d)?
0
Let o(l) = l**2 + 4*l + 2. Let r be o(-2). Let j = 0 + r. Let w(b) = b + 3. Let k(f) = 3*f + 7. Let z(h) = -2*k(h) + 5*w(h). Calculate z(j).
3
Let q(f) be the third derivative of f**7/360 - f**5/120 + f**4/8 - 7*f**2. Let g(l) be the second derivative of q(l). What is g(-1)?
6
Let x(c) = 3*c**2 + c - 1. Let u = 8 - -2. Let z be (1 - -1)*5/u. Give x(z).
3
Let i(p) = -5*p**2 - 15*p - 15. Suppose -8*j = -10*j - 14. Let o(x) = 3*x**2 + 8*x + 8. Let w(b) = j*o(b) - 4*i(b). Calculate w(5).
-1
Suppose -34 = 3*t - 31. Let w(s) = -4*s - 1. Determine w(t).
3
Let y(g) be the third derivative of -g**5/60 - g**4/12 - g**2. What is y(-3)?
-3
Let k(v) = v**2 - 3*v + 7. Let u(t) = -t. Let w(d) = k(d) + 4*u(d). What is w(5)?
-3
Suppose -b = 3*q + 10 + 10, 2*b - 4*q = 10. Let k(j) = -2*j - 15. Let o be (4/(-5))/(2/(-20)). Let l(a) = -3*a - 23. Let d(h) = o*k(h) - 5*l(h). Calculate d(b).
0
Let f be (-8)/6 + (-6)/9. Let m(b) = -1 + b**2 + b + 3*b + 3. What is m(f)?
-2
Let f(h) = -3 + 5*h - 7*h**3 + 3*h**3 + 3*h**3 + 7 + 4*h**2. Suppose 2*y - 4*i = 18, 4*i + 33 = 4*y + y. Give f(y).
4
Suppose -5*f - 13 = -33. Let t(h) be the first derivative of h**4/4 - 2*h**3 + 5*h**2/2 + 3. Calculate t(f).
-12
Let f(p) = 5*p - 2. Suppose 2 = -5*b + 4*o + 25, 5*o + 10 = 0. Let n(t) = 6*t - 2. Let g(h) = b*n(h) - 4*f(h). Determine g(5).
-8
Let b = 8 + -6. Let c(z) = 2*z - 2*z**2 - 6*z - b*z. Let u = -13 + 9. What is c(u)?
-8
Let h(m) = m**2 + m - 2. Let j = 4 + -6. Let l = 4 + j. What is h(l)?
4
Let w(u) be the first derivative of 1/4*u**4 + 1/2*u**2 - 6*u + 1 + 1/3*u**3. Give w(0).
-6
Let f(o) = -o**3 - o**2 + o - 6. Suppose 0 = t, -2*p + t = -3*t. Give f(p).
-6
Let g(l) = -l**3 - 4*l**2 + 6*l + 7. Let k = 8 + -13. Give g(k).
2
Let v(m) = -2*m**2 + 5*m - 2. Suppose i = -2*i - 6, 3*b + 2 = -4*i. Suppose -2*w + 12 = b*w, -h + w = 0. Determine v(h).
-5
Let j(g) be the first derivative of 6 + 1/2*g**2 - 2*g. Suppose 0 = -l - 1 + 3. Calculate j(l).
0
Let r(y) = -1 - y**2 - y + 3*y + 2*y**3 + 5*y**3 + 2*y**3. What is r(1)?
9
Let s(h) = -h**3 + 3*h**2. Let x = 7 - 11. Let d be (1*-2)/(x/(-6)). Let j be -6*((-3)/(-2))/d. Give s(j).
0
Let g(x) = -x**3 + 4*x**2 + 6*x + 6. Suppose 19 = 3*u + 4. Calculate g(u).
11
Let h be ((-8)/(-2) + -1)*(9 + -10). Let g(j) = -j**2 + 2*j - 2. Let c(q) = 2*q + 3 - q - 4*q + q**2. Let r(s) = -5*c(s) - 6*g(s). What is r(h)?
-3
Let y(s) = 228 + s**2 - 228. Give y(-3).
9
Let q(d) = 3*d**2 - d + 9. Let x(v) be the first derivative of -2*v**3/3 + v**2/2 - 5*v + 1. Let i(j) = 3*q(j) + 5*x(j). Determine i(4).
-6
Let v(p) = -3*p**2 + p + 3. Let g(k) = 4*k**2 - 4. Let s(a) = a**2 + 5*a + 2. Let t be s(-4). Let w(n) = t*g(n) - 3*v(n). What is w(4)?
3
Let d(n) = -n + 4. Suppose 10 + 2 = 2*u. Let x be (81/(-4))/(u/16). Let r be (-29)/(-9) + 12/x. Give d(r).
1
Let o(p) = -p**3 + 2*p - 1. Let i be 1/(-3) + 4/12. Let m = i - -1. Determine o(m).
0
Let q = 5 + -11. Let v(m) = m**3 + 5*m**2 - 6*m + 2. Let s be v(q). Let w(c) be the third derivative of c**5/60 - 5*c**4/24 + c**3/3 + 17*c**2. Determine w(s).
-4
Let v(c) = -c**2 - 6*c - 2. Suppose -12 + 52 = 5*i. Suppose -j + i = j. Let p be (-2 + -6)*2/j. What is v(p)?
6
Let w(j) = -j**3 - 4*j**2 + 3*j - 5. Let y be w(-5). Let l(h) = 0*h - y*h + h - 3 + 6*h. Suppose -3*q - 9 = -0*q. Determine l(q).
-9
Let y be (6/(-12))/(1/(-4)). Suppose 0 = 2*i + 4*u - 22, -y*i + u - 2 = i. Let q(h) = 3*h**2 - 2*h + 1. Determine q(i).
2
Let l(y) = 11*y + 1. Suppose 3*v + 10 - 13 = 0. Calculate l(v).
12
Let c(u) = 3*u**2 + u. Let d be 3/5 - -5*4/50. What is c(d)?
4
Let q(g) = g**3 + 4*g**2 + 3*g + 1. Let a be q(-3). Let i(u) = -13*u + 1. What is i(a)?
-12
Let y(z) = -z**3 - 3*z**2 + 2*z - 4. Let v be y(-4). Let s(b) = v*b**2 + b**2 - 2*b**2 + 2*b - 1 + 2*b**2. What is s(1)?
6
Suppose -4*b + 1 + 7 = 0. Let w(r) = 3*r**3 - 3*r**2 - r + 2. What is w(b)?
12
Let a(c) = c**3 + 4*c**2 + 3*c - 1. Suppose 4*g - 1 = 7. Suppose -7 = -g*x - 1. Suppose x*j - 7 = 8, -4*n = -2*j + 22. What is a(n)?
-1
Let q(j) = 2*j - 5. Let c(m) = 2*m - 5. Let i(o) = 2*c(o) - 3*q(o). Determine i(6).
-7
Let b(t) = 21*t - 4 + 22*t - 60*t + 16*t. Calculate b(-6).
2
Let n(i) = i**3 + 4*i**2 - 6*i - 1. Let x(q) = -2*q - 1. Let c(u) = -2 + 4 - 3*u + 6*u. Let v(s) = 5*c(s) + 8*x(s). Let k be v(7). Calculate n(k).
4
Suppose 0 = -b + 5*b + 2*a - 14, -b - 5*a + 17 = 0. Let k(m) = m - b - 1 - m + 4*m. What is k(-3)?
-15
Let a(c) = c**2 + 3*c - 1. Let b be 2*(10/4 + -1). Suppose b = -5*u - 22. Calculate a(u).
9
Let z be -1 + (-15)/(-3) - 0. Let n(p) = -5*p + 4. Let w(l) = -21*l + 15. Let b(a) = -a**2 + 4*a + 3. Let h be b(6). Let t(r) = h*n(r) + 2*w(r). Determine t(z).
6
Let d(l) = l**2 - 3*l + 3. Let r(m) be the third derivative of m**5/60 + m**4/24 - m**3/6 - 7*m**2. Let b(a) = d(a) - 2*r(a). Give b(-5).
5
Let z(a) = a**2 - 6*a + 8. Let j be z(8). Let b = -28 + j. Let w(u) = u + 3. Give w(b).
-1
Let c be 0/(-5) - (-1 - 3). Let j(t) = 5*t + 5. Let w(f) = -2*f - 2. Let v(y) = -3*j(y) - 7*w(y). Calculate v(c).
-5
Let y(q) = 4*q + 1. Let h(k) = 5*k**2 - 31*k + 20. Let u(v) = -v**2 + 6*v - 4. Let i(o) = -2*h(o) - 11*u(o). Let w be i(3). What is y(w)?
5
Let j(a) = 5 - 2 - 1 + 2*a + 1. Determine j(4).
11
Let g(m) = -m**3 + m**2 - m + 4. Let v be g(0). Let t(p) = -2*p + 6. Let w be t(v). Let j(x) = -2*x**3 - 4*x**2 - 2*x. Determine j(w).
4
Let q(p) be the second derivative of p**4/12 + 5*p**3/3 